{"id":4958,"date":"2024-04-28T09:11:51","date_gmt":"2024-04-28T08:11:51","guid":{"rendered":"https:\/\/fullcontrolgroup.com\/?page_id=4958"},"modified":"2024-05-01T17:24:12","modified_gmt":"2024-05-01T16:24:12","slug":"electronique-et-appareils-electromenagers","status":"publish","type":"page","link":"https:\/\/fullcontrolgroup.com\/index.php\/electronique-et-appareils-electromenagers\/","title":{"rendered":"\u00c9lectronique et appareils \u00e9lectrom\u00e9nagers"},"content":{"rendered":"\t\t<div data-elementor-type=\"wp-page\" data-elementor-id=\"4958\" class=\"elementor elementor-4958\">\n\t\t\t\t\t\t\t        <section class=\"elementor-section elementor-top-section elementor-element elementor-element-7ddd0d9 elementor-section-boxed elementor-section-height-default elementor-section-height-default ct-header-fixed-none ct-row-max-none\" data-id=\"7ddd0d9\" data-element_type=\"section\">\n            \n                        <div class=\"elementor-container elementor-column-gap-default \">\n                    <div class=\"elementor-column elementor-col-50 elementor-top-column elementor-element elementor-element-73b5759\" data-id=\"73b5759\" data-element_type=\"column\">\n            <div class=\"elementor-widget-wrap elementor-element-populated\">\n                        \t\t<div class=\"elementor-element elementor-element-11c6c03 elementor-widget elementor-widget-image\" data-id=\"11c6c03\" data-element_type=\"widget\" data-widget_type=\"image.default\">\n\t\t\t\t<div class=\"elementor-widget-container\">\n\t\t\t<style>\/*! elementor - v3.14.0 - 26-06-2023 *\/\n.elementor-widget-image{text-align:center}.elementor-widget-image a{display:inline-block}.elementor-widget-image a img[src$=\".svg\"]{width:48px}.elementor-widget-image img{vertical-align:middle;display:inline-block}<\/style>\t\t\t\t\t\t\t\t\t\t\t\t<img decoding=\"async\" width=\"640\" height=\"360\" src=\"https:\/\/fullcontrolgroup.com\/wp-content\/uploads\/2024\/04\/gtfgfg-1024x576.jpg\" class=\"attachment-large size-large wp-image-4960\" alt=\"\" srcset=\"https:\/\/fullcontrolgroup.com\/wp-content\/uploads\/2024\/04\/gtfgfg-1024x576.jpg 1024w, https:\/\/fullcontrolgroup.com\/wp-content\/uploads\/2024\/04\/gtfgfg-600x338.jpg 600w, https:\/\/fullcontrolgroup.com\/wp-content\/uploads\/2024\/04\/gtfgfg-300x169.jpg 300w, https:\/\/fullcontrolgroup.com\/wp-content\/uploads\/2024\/04\/gtfgfg-768x432.jpg 768w, https:\/\/fullcontrolgroup.com\/wp-content\/uploads\/2024\/04\/gtfgfg-1536x864.jpg 1536w, https:\/\/fullcontrolgroup.com\/wp-content\/uploads\/2024\/04\/gtfgfg.jpg 1920w\" sizes=\"(max-width: 640px) 100vw, 640px\" \/>\t\t\t\t\t\t\t\t\t\t\t\t\t\t\t<\/div>\n\t\t\t\t<\/div>\n\t\t            <\/div>\n        <\/div>\n                <div class=\"elementor-column elementor-col-50 elementor-top-column elementor-element elementor-element-e9c0f51\" data-id=\"e9c0f51\" data-element_type=\"column\" data-settings=\"{&quot;background_background&quot;:&quot;classic&quot;}\">\n            <div class=\"elementor-widget-wrap elementor-element-populated\">\n                        \t\t<div class=\"elementor-element elementor-element-43b55d7 elementor-widget elementor-widget-ct_text_editor\" data-id=\"43b55d7\" data-element_type=\"widget\" data-widget_type=\"ct_text_editor.default\">\n\t\t\t\t<div class=\"elementor-widget-container\">\n\t\t\t<div id=\"ct_text_editor-43b55d7\" class=\"ct-text-editor \" data-wow-delay=\"ms\">\n\t<div class=\"ct-inline-css\"  data-css=\"\n        \t\t\">\n\n    <\/div>\n\t<div class=\"ct-text-editor elementor-clearfix\">\n\t\t<p>D\u00e9couvrez notre s\u00e9lection compl\u00e8te d&#8217;\u00e9lectronique informatique et d&#8217;\u00e9lectrom\u00e9nager con\u00e7ue pour r\u00e9pondre \u00e0 vos besoins technologiques. Des ordinateurs portables et de bureau puissants aux imprimantes et \u00e9quipements r\u00e9seau efficaces, nous proposons une gamme de produits pour am\u00e9liorer votre exp\u00e9rience informatique. Que vous installiez un bureau \u00e0 domicile, mettiez \u00e0 niveau votre r\u00e9seau ou recherchiez des solutions de maison intelligente, notre collection comprend des articles de qualit\u00e9 sup\u00e9rieure pour rationaliser vos t\u00e2ches quotidiennes.\u00a0<\/p>\t\t\n\t<\/div>\n<\/div>\t\t<\/div>\n\t\t\t\t<\/div>\n\t\t\t\t<div class=\"elementor-element elementor-element-9e13326 elementor-widget elementor-widget-ct_button\" data-id=\"9e13326\" data-element_type=\"widget\" data-widget_type=\"ct_button.default\">\n\t\t\t\t<div class=\"elementor-widget-container\">\n\t\t\t<div class=\"ct-button-wrapper ct-button-layout1 icon- btn--inline \">\r\n            <span class=\"ct-icon-active\"><\/span>\r\n        <a href=\"https:\/\/fullcontrolgroup.com\/wp-admin\/post.php?post=5081&amp;action=elementor\" class=\"btn btn-default icon-active btn-inline-block  \" data-wow-delay=\"ms\">\r\n                            <span class=\"ct-button-icon ct-align-icon-\">\r\n                            <\/span>\r\n                <span class=\"ct-button-text\">Obtenez un devis<\/span>\r\n    <\/a>\r\n<\/div>\t\t<\/div>\n\t\t\t\t<\/div>\n\t\t            <\/div>\n        <\/div>\n                            <\/div>\n        <\/section>\n                <section class=\"elementor-section elementor-top-section elementor-element elementor-element-a369371 elementor-section-boxed elementor-section-height-default elementor-section-height-default ct-header-fixed-none ct-row-max-none\" data-id=\"a369371\" data-element_type=\"section\">\n            \n                        <div class=\"elementor-container elementor-column-gap-default \">\n                    <div class=\"elementor-column elementor-col-100 elementor-top-column elementor-element elementor-element-7ee0ab6\" data-id=\"7ee0ab6\" data-element_type=\"column\">\n            <div class=\"elementor-widget-wrap elementor-element-populated\">\n                        \t\t<div class=\"elementor-element elementor-element-232349f elementor-widget elementor-widget-ct_heading\" data-id=\"232349f\" data-element_type=\"widget\" data-widget_type=\"ct_heading.default\">\n\t\t\t\t<div class=\"elementor-widget-container\">\n\t\t\t<div class=\"ct-heading h-align-  sub-style1 ct-heading-left item-st-default\">\r\n\t    <h5 class=\"item--title st-default \" data-wow-delay=\"ms\">\r\n                <span class=\"sp-main\">\r\n            \r\n            \u00c9lectronique et \u00e9lectrom\u00e9nager\r\n            \r\n                    <\/span>\r\n            <\/h5>\r\n<\/div>\t\t<\/div>\n\t\t\t\t<\/div>\n\t\t            <\/div>\n        <\/div>\n                            <\/div>\n        <\/section>\n                <section class=\"elementor-section elementor-top-section elementor-element elementor-element-8473045 elementor-section-boxed elementor-section-height-default elementor-section-height-default ct-header-fixed-none ct-row-max-none\" data-id=\"8473045\" data-element_type=\"section\">\n            \n                        <div class=\"elementor-container elementor-column-gap-default \">\n                    <div class=\"elementor-column elementor-col-100 elementor-top-column elementor-element elementor-element-afd0e94\" data-id=\"afd0e94\" data-element_type=\"column\">\n            <div class=\"elementor-widget-wrap elementor-element-populated\">\n                        \t\t<div class=\"elementor-element elementor-element-3cbc2e2 elementor-widget elementor-widget-ct_text_editor\" data-id=\"3cbc2e2\" data-element_type=\"widget\" data-widget_type=\"ct_text_editor.default\">\n\t\t\t\t<div class=\"elementor-widget-container\">\n\t\t\t<div id=\"ct_text_editor-3cbc2e2\" class=\"ct-text-editor \" data-wow-delay=\"ms\">\n\t<div class=\"ct-inline-css\"  data-css=\"\n        \t\t\">\n\n    <\/div>\n\t<div class=\"ct-text-editor elementor-clearfix\">\n\t\t<div class=\"w-full text-token-text-primary\" dir=\"auto\" data-testid=\"conversation-turn-24\"><div class=\"px-4 py-2 justify-center text-base md:gap-6 m-auto\"><div class=\"flex flex-1 text-base mx-auto gap-3 juice:gap-4 juice:md:gap-6 md:px-5 lg:px-1 xl:px-5 md:max-w-3xl lg:max-w-[40rem] xl:max-w-[48rem]\"><div class=\"relative flex w-full min-w-0 flex-col\"><div class=\"flex-col gap-1 md:gap-3\"><div class=\"flex flex-grow flex-col max-w-full\"><div class=\"min-h-[20px] text-message flex flex-col items-start gap-3 whitespace-pre-wrap break-words [.text-message+&amp;]:mt-5 overflow-x-auto\" dir=\"auto\" data-message-author-role=\"user\" data-message-id=\"aaa22760-9a11-499f-99f8-0d0c86b91bf9\"><div class=\"\"><ul><li>R\u00e9frig\u00e9rateur<\/li><li>Machine \u00e0 laver<\/li><li>Lave-vaisselle<\/li><li>Four<\/li><li>Four micro onde<\/li><li>Machine \u00e0 caf\u00e9<\/li><li>Grille-pain<\/li><li>Mixeur<\/li><li>Robot culinaire<\/li><li>Bouilloire \u00e9lectrique<\/li><li>aspirateur<\/li><\/ul><\/div><\/div><\/div><\/div><\/div><\/div><\/div><\/div>\t\t\n\t<\/div>\n<\/div>\t\t<\/div>\n\t\t\t\t<\/div>\n\t\t            <\/div>\n        <\/div>\n                            <\/div>\n        <\/section>\n        \t\t\t\t\t<\/div>\n\t\t","protected":false},"excerpt":{"rendered":"<p>D\u00e9couvrez notre s\u00e9lection compl\u00e8te d&#8217;\u00e9lectronique informatique et d&#8217;\u00e9lectrom\u00e9nager con\u00e7ue pour r\u00e9pondre \u00e0 vos besoins technologiques. Des ordinateurs portables et de bureau puissants aux imprimantes et \u00e9quipements r\u00e9seau efficaces, nous proposons une gamme de produits pour am\u00e9liorer votre exp\u00e9rience informatique. Que vous installiez un bureau \u00e0 domicile, mettiez \u00e0 niveau votre r\u00e9seau ou recherchiez des solutions [&hellip;]<\/p>\n","protected":false},"author":2,"featured_media":0,"parent":0,"menu_order":0,"comment_status":"closed","ping_status":"closed","template":"","meta":{"footnotes":""},"class_list":["post-4958","page","type-page","status-publish","hentry"],"_links":{"self":[{"href":"https:\/\/fullcontrolgroup.com\/index.php\/wp-json\/wp\/v2\/pages\/4958","targetHints":{"allow":["GET"]}}],"collection":[{"href":"https:\/\/fullcontrolgroup.com\/index.php\/wp-json\/wp\/v2\/pages"}],"about":[{"href":"https:\/\/fullcontrolgroup.com\/index.php\/wp-json\/wp\/v2\/types\/page"}],"author":[{"embeddable":true,"href":"https:\/\/fullcontrolgroup.com\/index.php\/wp-json\/wp\/v2\/users\/2"}],"replies":[{"embeddable":true,"href":"https:\/\/fullcontrolgroup.com\/index.php\/wp-json\/wp\/v2\/comments?post=4958"}],"version-history":[{"count":16,"href":"https:\/\/fullcontrolgroup.com\/index.php\/wp-json\/wp\/v2\/pages\/4958\/revisions"}],"predecessor-version":[{"id":5184,"href":"https:\/\/fullcontrolgroup.com\/index.php\/wp-json\/wp\/v2\/pages\/4958\/revisions\/5184"}],"wp:attachment":[{"href":"https:\/\/fullcontrolgroup.com\/index.php\/wp-json\/wp\/v2\/media?parent=4958"}],"curies":[{"name":"wp","href":"https:\/\/api.w.org\/{rel}","templated":true}]}}