{"id":5205,"date":"2024-05-02T15:27:29","date_gmt":"2024-05-02T14:27:29","guid":{"rendered":"https:\/\/fullcontrolgroup.com\/?post_type=product&#038;p=5205"},"modified":"2024-05-02T15:27:29","modified_gmt":"2024-05-02T14:27:29","slug":"panneau-solaire","status":"publish","type":"product","link":"https:\/\/fullcontrolgroup.com\/index.php\/product\/panneau-solaire\/","title":{"rendered":"Panneau solaire"},"content":{"rendered":"<p>Nos panneaux solaires captent la lumi\u00e8re du soleil et la convertissent en \u00e9lectricit\u00e9 gr\u00e2ce \u00e0 des cellules photovolta\u00efques, offrant ainsi une alternative renouvelable et respectueuse de l&#8217;environnement aux sources d&#8217;\u00e9nergie traditionnelles. Avec beaucoup de soleil disponible toute l\u2019ann\u00e9e, les panneaux solaires offrent une source fiable et abondante d\u2019\u00e9nergie propre pour votre maison.<\/p>\n","protected":false},"excerpt":{"rendered":"<p>Bienvenue dans notre collection de panneaux solaires, o\u00f9 la puissance du soleil rencontre la technologie de pointe pour transformer la fa\u00e7on dont vous alimentez votre maison. Les panneaux solaires ne sont pas seulement une source d\u2019\u00e9lectricit\u00e9 ; ils sont une passerelle vers un avenir plus propre, plus vert et plus durable pour vous et la plan\u00e8te.<\/p>\n","protected":false},"featured_media":5206,"comment_status":"open","ping_status":"closed","template":"","meta":[],"product_cat":[49],"product_tag":[],"class_list":{"0":"post-5205","1":"product","2":"type-product","3":"status-publish","4":"has-post-thumbnail","6":"product_cat-solaire","8":"first","9":"instock","10":"shipping-taxable","11":"purchasable","12":"product-type-simple"},"_links":{"self":[{"href":"https:\/\/fullcontrolgroup.com\/index.php\/wp-json\/wp\/v2\/product\/5205","targetHints":{"allow":["GET"]}}],"collection":[{"href":"https:\/\/fullcontrolgroup.com\/index.php\/wp-json\/wp\/v2\/product"}],"about":[{"href":"https:\/\/fullcontrolgroup.com\/index.php\/wp-json\/wp\/v2\/types\/product"}],"replies":[{"embeddable":true,"href":"https:\/\/fullcontrolgroup.com\/index.php\/wp-json\/wp\/v2\/comments?post=5205"}],"wp:featuredmedia":[{"embeddable":true,"href":"https:\/\/fullcontrolgroup.com\/index.php\/wp-json\/wp\/v2\/media\/5206"}],"wp:attachment":[{"href":"https:\/\/fullcontrolgroup.com\/index.php\/wp-json\/wp\/v2\/media?parent=5205"}],"wp:term":[{"taxonomy":"product_cat","embeddable":true,"href":"https:\/\/fullcontrolgroup.com\/index.php\/wp-json\/wp\/v2\/product_cat?post=5205"},{"taxonomy":"product_tag","embeddable":true,"href":"https:\/\/fullcontrolgroup.com\/index.php\/wp-json\/wp\/v2\/product_tag?post=5205"}],"curies":[{"name":"wp","href":"https:\/\/api.w.org\/{rel}","templated":true}]}}